 divisor of 39 and 117.
39
What is the highest common divisor of 437 and 368?
23
Calculate the greatest common divisor of 480 and 6.
6
Calculate the greatest common factor of 44 and 1639.
11
Calculate the greatest common factor of 1 and 401.
1
What is the highest common divisor of 341 and 31?
31
What is the highest common factor of 2334 and 5?
1
Calculate the greatest common divisor of 749 and 56.
7
Calculate the highest common factor of 1408 and 16.
16
What is the highest common divisor of 2165 and 5?
5
What is the greatest common divisor of 26144 and 8?
8
Calculate the highest common divisor of 5 and 155.
5
What is the highest common divisor of 39144 and 14?
14
What is the greatest common factor of 8620 and 140?
20
Calculate the highest common divisor of 240 and 900.
60
What is the greatest common factor of 2264 and 8?
8
Calculate the greatest common factor of 105 and 240.
15
What is the greatest common factor of 27 and 4671?
27
Calculate the greatest common divisor of 84 and 3885.
21
Calculate the highest common divisor of 142 and 26057.
71
Calculate the greatest common factor of 170 and 306.
34
What is the highest common factor of 47 and 1269?
47
What is the greatest common divisor of 3783 and 39?
39
Calculate the greatest common factor of 1288 and 224.
56
Calculate the greatest common factor of 8 and 8.
8
What is the greatest common factor of 4 and 32?
4
Calculate the greatest common divisor of 235 and 517.
47
What is the greatest common divisor of 522 and 54?
18
Calculate the greatest common divisor of 1458 and 18.
18
Calculate the highest common factor of 17313 and 87.
87
Calculate the highest common divisor of 7267 and 43.
43
Calculate the greatest common factor of 32 and 56.
8
What is the highest common factor of 156 and 884?
52
What is the greatest common factor of 155 and 279?
31
Calculate the greatest common divisor of 17429 and 29.
29
Calculate the greatest common factor of 2163 and 224.
7
What is the greatest common factor of 256 and 224?
32
Calculate the greatest common factor of 37 and 185.
37
Calculate the highest common divisor of 1 and 1.
1
What is the highest common factor of 105 and 98?
7
What is the greatest common factor of 903 and 30100?
301
Calculate the greatest common divisor of 105 and 12012.
21
What is the greatest common divisor of 105 and 32865?
105
Calculate the highest common divisor of 221 and 153.
17
Calculate the greatest common divisor of 20 and 970.
10
Calculate the greatest common divisor of 270 and 10935.
135
What is the highest common divisor of 693 and 63?
63
Calculate the highest common factor of 48 and 14.
2
Calculate the greatest common divisor of 540 and 40.
20
Calculate the greatest common factor of 78 and 416.
26
Calculate the highest common factor of 3384 and 141.
141
Calculate the highest common factor of 22 and 209.
11
Calculate the greatest common factor of 29 and 5742.
29
Calculate the highest common factor of 18 and 558.
18
What is the highest common divisor of 728 and 2444?
52
Calculate the highest common divisor of 260 and 572.
52
Calculate the highest common divisor of 115 and 10.
5
What is the highest common divisor of 8 and 1?
1
Calculate the greatest common factor of 504 and 24.
24
Calculate the highest common factor of 19295 and 85.
85
Calculate the greatest common factor of 2 and 98.
2
Calculate the greatest common divisor of 473 and 33.
11
What is the greatest common factor of 5 and 675?
5
What is the highest common divisor of 20 and 292?
4
Calculate the greatest common divisor of 325 and 75.
25
What is the greatest common divisor of 896 and 288?
32
What is the highest common factor of 38 and 703?
19
Calculate the highest common factor of 12525 and 167.
167
What is the greatest common factor of 3680 and 480?
160
Calculate the highest common factor of 7075 and 75.
25
What is the greatest common factor of 12 and 6144?
12
Calculate the greatest common factor of 12 and 180.
12
What is the highest common factor of 144 and 7056?
144
Calculate the greatest common factor of 55 and 4345.
55
Calculate the highest common factor of 4263 and 21.
21
Calculate the greatest common factor of 33 and 110.
11
What is the highest common divisor of 108 and 8082?
18
What is the greatest common divisor of 334 and 41750?
334
Calculate the highest common divisor of 8240 and 80.
80
Calculate the greatest common factor of 208 and 72.
8
Calculate the greatest common divisor of 190 and 25.
5
What is the greatest common factor of 1015 and 140?
35
Calculate the greatest common factor of 24 and 344.
8
Calculate the greatest common factor of 9080 and 2043.
227
Calculate the highest common divisor of 62 and 4.
2
What is the highest common factor of 102 and 561?
51
What is the highest common divisor of 47 and 21761?
47
Calculate the highest common factor of 93 and 31.
31
What is the greatest common factor of 355 and 284?
71
Calculate the greatest common divisor of 1570 and 20.
10
What is the highest common factor of 24 and 42?
6
Calculate the greatest common divisor of 570 and 490.
10
What is the greatest common divisor of 36 and 408?
12
Calculate the highest common factor of 1160 and 40.
40
Calculate the highest common divisor of 69 and 621.
69
Calculate the greatest common divisor of 782 and 6800.
34
Calculate the greatest common factor of 40 and 24.
8
What is the highest common divisor of 16 and 656?
16
What is the greatest common divisor of 860 and 1806?
86
What is the highest common factor of 571 and 1?
1
What is the greatest common divisor of 178 and 9434?
178
What is the greatest common factor of 21 and 63?
21
What is the highest common divisor of 1212 and 60?
12
What is the highest common factor of 56 and 1316?
28
Calculate the highest common factor of 3026 and 178.
178
Calculate the greatest common factor of 2530 and 30.
10
What is the highest common factor of 9 and 441?
9
Calculate the highest common divisor of 170 and 68.
34
Calculate the highest common factor of 207 and 14214.
69
Calculate the greatest common divisor of 1430 and 12298.
286
Calculate the highest common divisor of 6 and 30.
6
Calculate the highest common divisor of 220 and 176.
44
What is the highest common divisor of 1 and 101?
1
What is the greatest common factor of 35 and 31325?
35
What is the greatest common divisor of 4110 and 30?
30
Calculate the greatest common divisor of 369 and 1599.
123
What is the greatest common factor of 1206 and 18?
18
Calculate the greatest common factor of 168 and 138.
6
Calculate the highest common divisor of 253 and 299.
23
What is the highest common factor of 78 and 46254?
78
What is the greatest common divisor of 912 and 24016?
304
Calculate the greatest common divisor of 2001 and 345.
69
Calculate the highest common divisor of 76 and 209.
19
Calculate the greatest common divisor of 12 and 852.
12
Calculate the highest common divisor of 180 and 17340.
60
What is the greatest common divisor of 16 and 72?
8
Calculate the highest common divisor of 15 and 3.
3
What is the highest common factor of 45 and 765?
45
Calculate the highest common divisor of 44 and 132.
44
Calculate the greatest common factor of 78 and 117.
39
What is the greatest common factor of 70 and 14?
14
Calculate the highest common divisor of 64 and 1184.
32
What is the greatest common factor of 262 and 16375?
131
Calculate the greatest common factor of 32 and 1568.
32
Calculate the highest common divisor of 36 and 624.
12
Calculate the highest common divisor of 2 and 382.
2
What is the greatest common factor of 42 and 1158?
6
Calculate the highest common divisor of 336 and 42.
42
Calculate the highest common factor of 32 and 20.
4
What is the greatest common divisor of 396 and 180?
36
Calculate the greatest common factor of 124 and 403.
31
Calculate the highest common divisor of 1680 and 315.
105
What is the highest common factor of 2772 and 1320?
132
What is the highest common factor of 630 and 2240?
70
What is the greatest common divisor of 115 and 15?
5
Calculate the highest common factor of 462 and 42.
42
What is the highest common factor of 1769 and 29?
29
Calculate the highest common divisor of 1363 and 564.
47
Calculate the highest common divisor of 105 and 420.
105
Calculate the highest common divisor of 1475 and 325.
25
Calcul